?
208
Let m be (24/20)/(-6)*(-4 - 11). Suppose 9*b - m*p = 12*b - 2430, -p = -b + 814. What is the highest common divisor of 28 and b?
28
Let v(x) = -4*x - 30*x**2 - 3 + 6 - 2 - 23*x + 3*x**2 + x**3. Let g be v(28). What is the greatest common factor of g and 580?
29
Suppose -2*l = -6*l - m + 12145, 0 = 9*m - 9. What is the highest common divisor of 297 and l?
33
Let g(x) = x**2 + 10*x - 2078. Let b be g(44). Calculate the highest common divisor of b and 28.
2
Suppose 40456 + 235352 = -34*k. Let m be k/(-168) - 4/14. Let l be 1 - 142/2*-1. Calculate the greatest common factor of m and l.
24
Let q be (214/(-4) - -8 - (3 - 2))*-78. Calculate the greatest common factor of 9 and q.
9
Suppose -44 = 3880*b - 3924*b. What is the greatest common factor of 241 and b?
1
Suppose d - 33 = -3*j, 19*d - 69 = 17*d - 5*j. Calculate the greatest common divisor of 1148 and d.
14
Suppose -68*w + 5304 = 68*w. Calculate the greatest common factor of w and 12.
3
Let v be (90/(-72))/((-1)/(-2))*-28. Let w = 4 - 2. Suppose -n + 3*o - 2*o + 18 = 0, 64 = 4*n - w*o. Calculate the greatest common divisor of n and v.
14
Let h = -73 - -79. Let a(r) = -44 + 81 + h*r**2 - 39 + 4*r. Let v be a(-2). What is the highest common divisor of 56 and v?
14
Suppose -6 = -t + 13. Let q = -2896 - -2953. Calculate the highest common factor of q and t.
19
Suppose 4*v - 4*u = 6404, 5262 = 4*v + 2*u - 1172. Suppose v = 11*g - 2882. What is the highest common factor of 51 and g?
51
Let b = -5813 - -5915. What is the greatest common divisor of b and 6171?
51
Let w be (-1050)/315*(-1248)/5. Suppose y + 4*y - 5*i - 70 = 0, 3*y = -5*i + 58. Calculate the highest common factor of y and w.
16
Let u(i) = -316*i - 832. Let v be u(-3). What is the highest common divisor of v and 3422?
58
Suppose 614 + 862 + 372 = 33*s. Suppose -x - 24 = -2*x. Calculate the greatest common factor of x and s.
8
Let j(m) = 32*m + 368. Let i be j(-8). What is the greatest common divisor of i and 91?
7
Suppose y + 423 = 10*y. Suppose 0 = y*g - 43*g - 288. Let v(n) = -6*n - 12. Let b be v(-8). Calculate the highest common factor of b and g.
36
Let l(o) = o**3 + 63*o**2 - 112*o - 678. Let r be l(-60). Calculate the greatest common factor of 126 and r.
42
Suppose -20 = -5*n + 5*o, n + 4*n + 2*o - 20 = 0. Suppose n*s - 121 = 2*x + 119, -3*s - 4*x = -202. What is the highest common factor of s and 6?
2
Suppose -5*f = 292 - 37. Let v = 53 + f. Let t be v/11 + (-6066)/(-33). Calculate the greatest common divisor of 23 and t.
23
Suppose -9 = -v - 2*i - i, -5*v - 2*i + 6 = 0. Suppose v = 4*p - 84 - 36. Let z be 424/72 + (-1)/(-9). Calculate the highest common divisor of z and p.
6
Suppose n + d + 90 = 0, -2*n - 61 = -d + 104. Let c be (-5)/2*136/n. What is the greatest common divisor of c and 38?
2
Let h = -38097 + 38130. What is the highest common factor of 2123 and h?
11
Let v be 293 - (80/10 - 12). What is the highest common factor of v and 216?
27
Let i = 19878 - 19840. Let t(o) = -o**2 - 4*o - 2. Let b be t(-3). Calculate the highest common divisor of b and i.
1
Let h(k) = k**3 - 37*k**2 + 107*k - 92. Let b be h(34). Calculate the greatest common factor of 3003 and b.
39
Let q(k) = 7*k + 3. Let a be q(11). Let d(t) = -t**2 + 25*t - 50. Let g be d(22). What is the greatest common divisor of a and g?
16
Suppose -76*z = -61*z - 2310. Suppose 0 = u - 6 - 1. Suppose u*j - z = -0*j. Calculate the greatest common factor of 11 and j.
11
Let o = 251 - 386. Let s = o + 214. Let l be 1 + 4 + (s - -1). What is the greatest common divisor of l and 17?
17
Suppose 40 = c + 93*o - 95*o, -166 = -4*c + 2*o. What is the greatest common factor of c and 1540?
14
Suppose -27*g + 3242 = 1919. What is the greatest common divisor of 917 and g?
7
Let o = -38 + 68. Let k(r) = -9*r - 51. Suppose 0 = -z + 12 - 21. Let j be k(z). Calculate the highest common factor of o and j.
30
Let k = 674 + -542. Suppose -22*f + k = -16*f. Calculate the greatest common divisor of 550 and f.
22
Suppose 5006 = 9*z + 14*z - 11393. What is the highest common factor of 621 and z?
23
Let m be 1*(6 - 1) - -2. Let s be (17/(-4) - -4)/(2/(-56)). Let p be 110/m*(0 + s). Calculate the greatest common factor of 22 and p.
22
Let f = -1131 - -1464. Calculate the greatest common factor of f and 171.
9
Suppose 0 = -3*r + 2*r. Suppose b = -r*b + 46. Suppose 2020 = 4*y + 2*z, -1951 = -3*y + 2*z - 429. Calculate the highest common divisor of b and y.
46
Let g(a) = -2*a**2 - 19*a + 55. Let p be g(-10). Suppose 0 = 3*o - 3*k - 615, -2*k - p + 463 = 2*o. What is the greatest common divisor of 23 and o?
23
Let s(c) = -5*c + 33. Let q be s(5). Suppose -19 = -q*j + 5. Suppose k + 1 = 0, 569 = j*b + 3*k - 2*k. What is the greatest common divisor of b and 76?
38
Let k be (-8 + 5)*(14/3 + 0). Let d be ((-12)/(-21))/((-4)/k). Let r be 2/(-4) + (-1059)/(-12)*d. Calculate the greatest common factor of r and 11.
11
Suppose 11*o - 30 = 3. Suppose 2*v = -4*w - 174, -o*w = -w + 6. Let f = v - -159. What is the greatest common divisor of 39 and f?
39
Let o(s) = -82*s - 114. Let k be o(-46). Calculate the greatest common divisor of 62 and k.
62
Let w = -2972 + 3041. Calculate the greatest common factor of w and 46.
23
Suppose 2*w + d - 87 = -47, 80 = 4*w - 2*d. Calculate the highest common factor of 470 and w.
10
Suppose 60 = -192*z + 196*z. Suppose 219 = -z*n + 624. What is the highest common divisor of n and 72?
9
Let v(d) = 7*d**2 + d + 0*d - 5*d - 7. Let k be v(7). Let g(r) = r**3 - 41*r**2 + 5*r + 1428. Let u be g(40). Calculate the greatest common divisor of k and u.
28
Suppose -36*o + 169 + 481 = -862. Calculate the highest common divisor of o and 22071.
21
Let c(s) = -s**2 + 26*s - 2. Let p(k) = 2*k**2 - 52*k + 3. Let t(v) = 9*c(v) + 4*p(v). Let x be t(24). Calculate the highest common factor of x and 28.
14
Let y be 4*(7/(-14) + (-3)/12). Let l be (-150)/100*56/y. Calculate the highest common divisor of l and 98.
14
Suppose f = 2*q - 5064 - 7082, 5*q + 3*f = 30387. What is the greatest common factor of 275 and q?
25
Let z be (88/55)/(-4)*(-11 + 1). Let f(g) = 6*g**2 - 17*g + 45. Let s be f(z). Calculate the greatest common divisor of 219 and s.
73
Suppose -31*f - 5404 + 18424 = 0. What is the greatest common divisor of f and 11900?
140
Suppose -96*j + 3333 + 13179 = 0. Calculate the greatest common factor of 20 and j.
4
Let o be 40*(4 + 48/20). Let y = 63 + -64. Let k be (-704)/66*3*y. What is the highest common divisor of o and k?
32
Let x = 16 - -6. Let m be ((-280)/24 - -5)*(-7)/((-28)/(-66)). Calculate the greatest common divisor of x and m.
22
Let j = 31814 - 6110. Calculate the greatest common divisor of 72 and j.
72
Suppose 0 = 40*v - 35 - 8325. Calculate the greatest common factor of 893 and v.
19
Let d = 3640 + -3180. What is the greatest common divisor of d and 92?
92
Let c = 957 + -568. Suppose -5*s = -25, c = -t + 5*t + s. Suppose -2*p = 2*g + g - 36, -g + 4 = 0. What is the greatest common divisor of t and p?
12
Let d(a) = -91*a + 9261. Let o be d(101). Calculate the highest common divisor of o and 112.
14
Let t(z) = 6*z + 141. Let j be t(-6). Suppose -j = -10*f + 7*f + 3*k, 0 = -3*f - 4*k + 112. What is the highest common factor of f and 54?
18
Suppose 588 = -39*l + 67*l. Let d = -8 - -20. Let u = -9 + d. Calculate the highest common divisor of u and l.
3
Let x be 18832/12 - ((2 - -5) + -5)/(-3). Calculate the highest common factor of 10 and x.
10
Let v(j) = -j**2 + 22*j + 2. Let d be v(9). Suppose -4*u = -t - 167, 3*u = -4*t + d + 11. What is the highest common factor of 12 and u?
6
Let v(h) = 1405*h - 4167. Let q be v(3). Calculate the greatest common factor of 1048 and q.
8
Let d = -1573 - -1603. Calculate the greatest common divisor of 1905 and d.
15
Let c be 11647 - (-41 - -14)*(-1)/3. Calculate the greatest common factor of 22 and c.
22
Let k(w) = -351*w + 1080. Let p be k(3). What is the highest common divisor of 441 and p?
9
Let l(v) = -v**3 - 7*v**2 + 9*v - 7. Let p be l(-9). Suppose -2*d - 33 = -25. Let s be (-37)/(-1)*((d - 0) + 5). What is the highest common factor of p and s?
37
Let z = -99 - -142. Suppose 2*p - 5*p + 21 = 0. Suppose -o - 1032 = -p*o. What is the greatest common divisor of o and z?
43
Let s = 26 + -16. Suppose -3*u - 33 = 0, -d - 5*u = -3*d - 2*d +